et k(q) = -q**3 + 15*q**2 + 18*q. Calculate the remainder when k(d) is divided by 5.
2
Suppose 396 = -6*i + 1464. What is the remainder when i is divided by 30?
28
Let g be (-2 - -10)*(-3)/(-6). Suppose g*u - 30 = u. Suppose -2*m - 2*f + f + 40 = 0, -3*f + 44 = 2*m. Calculate the remainder when m is divided by u.
9
Let n(f) = 12*f. Let o(b) = 4*b. Let q(v) = -6*n(v) + 21*o(v). What is the remainder when q(11) is divided by 27?
24
Let q = 1929 + -1889. What is the remainder when 2718 is divided by q?
38
Let a = -425 + 608. Suppose -3*b + 231 = a. What is the remainder when 79 is divided by b?
15
Suppose -624 + 862 = 7*i. What is the remainder when i is divided by 29?
5
Let a be 3/((-75)/66 + 1). Let d = 31 + a. Let w = -5 + d. Calculate the remainder when 17 is divided by w.
1
Let m = 174 - 124. Suppose 1960 = -6*k + 2062. What is the remainder when m is divided by k?
16
Suppose -2*f = 2*z + 1 - 81, 0 = z + 2*f - 41. Calculate the remainder when 152 is divided by z.
35
Let h be (-2)/((-4)/2)*3. Suppose h*i - 273 = -4*i. Calculate the remainder when 76 is divided by i.
37
What is the remainder when (48/216 - 10/(-36))*50 is divided by 16?
9
Suppose 2*t + 5*g - 364 + 77 = 0, 702 = 5*t - 3*g. Calculate the remainder when t is divided by 34.
5
Suppose -5*p = -10*p - 30. Let k be (-28)/p - 14/(-42). Suppose k*v - v = 404. What is the remainder when v is divided by 26?
23
Let q = -112 - -134. What is the remainder when 262 is divided by q?
20
Let j = 117 - 108. Calculate the remainder when j is divided by 9.
0
Let i = -88 - -60. Suppose -13*v + 222 = -16*v + 3*a, -78 = v - 3*a. Let t = i - v. Calculate the remainder when t is divided by 16.
12
Suppose 6*k + 3*b = 2*k + 127, 97 = 3*k + 4*b. What is the remainder when 178 is divided by k?
23
Let g(d) = -2*d + 16. Let y be g(8). Suppose y = -0*v - v + 29. Calculate the remainder when v is divided by 17.
12
Let q(n) be the second derivative of 7*n**3/3 - 13*n**2/2 - 11*n. What is the remainder when 84 is divided by q(3)?
26
Suppose 54 = 2*n + 5*s, 2*s + 2*s = 0. Calculate the remainder when 215 is divided by n.
26
Let q(h) = -h + 21. Let z be 0/((-1 + 0)*-1). Calculate the remainder when q(z) is divided by (-16)/(4/(-10)*(-11 - -16)).
5
Calculate the remainder when 121 is divided by (14/9)/((-25)/(-225)).
9
Let l = 15 + -13. Suppose z = l*z - 5. Calculate the remainder when 16 is divided by z.
1
What is the remainder when (-189)/(-2) - (-72)/(-144) is divided by 76/(-6)*9/(-6)?
18
Let d(z) = z**3 - 3*z**2 - 11*z + 19. What is the remainder when -4*(-1 + (-42)/8) is divided by d(5)?
11
Suppose 1072 = 3*s - q, 4*s + 2*q - 1183 - 253 = 0. What is the remainder when s is divided by 90?
88
Let o be (-37)/5 + 2/5. Suppose 490 = 39*u + 178. What is the remainder when 0 + 7/(o/(-30)) is divided by u?
6
Let k(r) = r + 4. Suppose -4*c + 3*s = -9*c - 23, -5*c - 17 = -3*s. Let h be k(c). Suppose a - 6 = -h*a. Calculate the remainder when 23 is divided by a.
5
Let l = -53 - -57. Suppose l*h - 23 = -w, -19 = -3*h - 4. Suppose -4*b - 44 = -4*f, 2*b + 13 = -2*f - 3*b. Calculate the remainder when f is divided by w.
0
Suppose t = 5*v + 10, 3*t - 43 = -3*v + 5*v. Suppose q = 3*s - 124, -3*q - 38 = -3*s + 82. Calculate the remainder when s is divided by t.
12
Let z(n) = -n**3 + 4*n**2 + 44*n + 3. What is the remainder when z(-7) is divided by 31?
17
Suppose 5*b - 47 = 8. Suppose -518 = 8*s - 15*s. Calculate the remainder when s is divided by b.
8
Let f be (4/3)/((-4)/6). Calculate the remainder when 1*(-1 - (-64 - f)) is divided by 3*(-1 - (-68)/6).
30
Let d = -22 - -113. Suppose -2*a + 4*b + 78 = 0, b - 124 = -a - 73. Calculate the remainder when d is divided by a.
44
Let r(n) = -68*n + 45. Calculate the remainder when r(-1) is divided by 68.
45
Let g = -57 + 65. Let l(m) = -5*m - 17. What is the remainder when l(-8) is divided by g?
7
Suppose -150*h - 140 = -152*h. Let z = 85 - h. Calculate the remainder when 41 is divided by z.
11
Suppose -1 = -4*u + 19. Suppose -2*q - 2 = j, -7 = -u*j - 2*q - 1. Suppose j*n + 224 = 6*n. What is the remainder when n is divided by 19?
18
Let u = -442 + -1628. Suppose -11 = -7*l - 53. Calculate the remainder when (4/l)/(20/u) is divided by 18.
15
Suppose 3*t - 644 = 5*v - t, v - t + 129 = 0. Let c = -122 - v. Calculate the remainder when 14 is divided by c.
2
Let m(d) = d**3 - 7*d**2 + d - 3. Let r be m(7). Suppose r - 14 = -5*l. What is the remainder when 2 is divided by l?
0
Let c = 22 + -12. Calculate the remainder when 98 is divided by c.
8
Let j = 71 - 69. Suppose -174 = j*r - 5*r. Calculate the remainder when r is divided by ((-30)/(-8))/((-1)/(-4)).
13
Suppose v - 21 = -5*t, -4 = 4*t - 12. What is the remainder when 15 is divided by v?
4
Let j = 160 + -114. Let z(b) = -b**3 + b**2 + 6*b - 6. Let v be z(3). What is the remainder when j is divided by 23/v*-2 + 1/3?
6
Suppose 130 = -28*c + 30*c. Calculate the remainder when 129 is divided by c.
64
Let d(c) = -c**3 - 13*c**2 - 22*c + 14. Let f be (1 + 0)/(1/(-1)). Let z = f + 5. Calculate the remainder when d(-11) is divided by z.
2
Let i(m) = -229*m + 3. What is the remainder when i(-1) is divided by 74?
10
Let i = 1579 - 831. Calculate the remainder when i is divided by 107.
106
Let i be (4/(-1) + 3)*-387. Suppose -4*j - 143 = -i. Let g(u) = 3*u**2 + 3*u - 2. What is the remainder when j is divided by g(-3)?
13
Let r = -36 - -40. Suppose r*x - 260 = -5*t, 221 + 43 = 4*x + 4*t. What is the remainder when x is divided by 12?
10
Suppose -10*y + 15*y - 2123 = -3*w, 4*w - 428 = -y. Calculate the remainder when y is divided by 7.
4
Let c(j) = 2*j + 70. Let p be c(-21). Let k = 40 - p. Calculate the remainder when 33 is divided by k.
9
What is the remainder when 968 is divided by 84/462 - 273/(-11)?
18
Let l = -95 - -42. Let t = l - -74. Calculate the remainder when 104 is divided by t.
20
Calculate the remainder when (6025/(-15))/((-6)/18) is divided by 134.
133
Suppose -14*j = -45 - 81. What is the remainder when 440 is divided by j?
8
Let l = 22 + -19. Let u(w) = -9 + 2 + w**l + 3*w + 5*w**2 - 2*w**3. Calculate the remainder when 29 is divided by u(5).
5
Calculate the remainder when (-6140)/(-16) + (-78)/104 is divided by 118.
29
Let d be (-3 + 0 - -3)/2. Let z = d - -3. Suppose z*v - 120 = -21. What is the remainder when v is divided by 18?
15
Let y(q) = 16*q - 416. Calculate the remainder when y(27) is divided by 12.
4
Suppose 0 = -b - 1, -316 = -2*l - 4*b + 12. Calculate the remainder when l is divided by 55.
1
Suppose -6*t + 5 = -5*t. Suppose -t*y + 26 = -39. Calculate the remainder when 468/y - (-2)/(-2) is divided by 18.
17
Suppose 40 = 3*i + i. Suppose -3*g = -80 - 13. Calculate the remainder when g is divided by 4/(-20) + 82/i.
7
Calculate the remainder when 11 is divided by 156/20 - 4 - 1/(-5).
3
Suppose 3*f - f = -4*w + 60, 4*f - 5*w = 68. Suppose -3*u + u + f = 0. Let h = u + -7. What is the remainder when 6 is divided by h?
2
Let z = -352 - -443. Calculate the remainder when z is divided by 77.
14
Let v be (-30)/12*(-24)/10. Suppose c - v = -0*c. Suppose -3*r + 3*x = -15, x + c = 3*r - 3. What is the remainder when 5 is divided by r?
1
Suppose -663 + 23 = -32*h. Let i be 0 + 0 + -2 + 4. Suppose -i*d + 9 = d. Calculate the remainder when h is divided by d.
2
Suppose -2*p = 3*p - 5*q - 870, 656 = 4*p + 4*q. Suppose p = 2*i - 101. Calculate the remainder when i is divided by 23.
20
Suppose -5*i = y - 65, 0 = -i + 2*y + 5 - 3. Let o(k) = -k**2 + 14*k + 9. Calculate the remainder when o(i) is divided by 9.
6
Let m(s) = 19*s + 1 - 3 + 8 - 2. Suppose 2 = -4*r + 3*b, -b + 5 = -0*r + 3*r. Calculate the remainder when m(r) is divided by 8.
7
Suppose -3*a + 24*a - 840 = 0. Calculate the remainder when 71 is divided by a.
31
What is the remainder when -4 + 5 + 345/((-9)/(-3)) is divided by 24?
20
Suppose -5*i + 4 = -3*i. Suppose 0 = -4*o - 0*o + 5*g + 85, 2*o = -i*g + 20. Calculate the remainder when o is divided by 2.
1
Suppose 2*u - 24 = 2*y, 4*y + 40 = 50*u - 47*u. What is the remainder when u is divided by 1 + 2 + 1 + -2?
0
Let a = -278 - -335. Calculate the remainder when 1994 is divided by a.
56
Let q = -1044 + 1117. Calculate the remainder when q is divided by 26.
21
Suppose 78*v = 69*v + 900. What is the remainder when v is 